t is the units digit of (-4 + w/30)*(-4 + 9)?
1
Let t(l) = -l + 10. Let h be t(-3). Suppose 2216 = h*g - 137. What is the hundreds digit of g?
1
Suppose -3*t - 2*t = -3*l + 4963, 0 = -t - l - 991. Let u = t - -2175. What is the tens digit of u?
8
Suppose 0 = 82*k - 8*k - 4810. What is the units digit of k?
5
Let m = 52268 + -43391. What is the hundreds digit of m?
8
Let g be ((-2)/2*-1)/((-11)/32483). Let k be 8/16 + 54/(-4). What is the hundreds digit of g/k - 30/195?
2
Let x = 11258 - 10085. What is the units digit of x?
3
Suppose 3*f = 10 + 2, 4*v + 5*f = 55492. What is the ten thousands digit of v?
1
Suppose 0 = -13*a - 4951 + 28832. Suppose -2*k + a + 1707 = 0. Suppose -392 + k = 12*l. What is the hundreds digit of l?
1
Suppose 3*g + 3*j + 641 - 22625 = 0, 0 = 5*g - 5*j - 36690. What is the hundreds digit of g?
3
Let b = -2576 + 9104. Suppose 13*h - 25*h = -b. What is the hundreds digit of h?
5
Let p(d) = d - 24. Let h be p(4). What is the hundreds digit of (23/5 - h/50) + 427?
4
Suppose -9*s = -38*s - 106459. Let y = -2589 - s. What is the hundreds digit of y?
0
Suppose -4*f + 0*m - 625 = -5*m, 0 = 3*f + m + 464. Suppose -5*d + 2*x - 1225 = x, -245 = d - x. Let v = f - d. What is the units digit of v?
0
Let o(d) = 7*d + 119. Let g be o(-13). Suppose -2*r = 4*i - 64, -r = 5*i - g + 5. What is the tens digit of r?
3
Let z = 10128 - 10135. Let i(f) = 21 - 18*f - 5 + 35. What is the tens digit of i(z)?
7
Suppose -6279 = -2*r + 2*p + 8001, 3*r - 2*p - 21417 = 0. What is the hundreds digit of r?
1
Let x(b) = -b**2 - 7*b + 15. Let w be x(-12). Let n = 722 + -428. Let m = w + n. What is the tens digit of m?
4
Suppose 0 = 3*y - u - 33812, 5*u - 4965 = -y + 6279. What is the units digit of y?
9
Let i = -356 + 49. Let x = i - -617. What is the hundreds digit of x?
3
Let b(o) = -2*o**2 - 420*o - 131. What is the units digit of b(-57)?
1
Let i(m) = -9*m**3 - 5*m + 30891. What is the tens digit of i(0)?
9
Let u be 11/3 - -3*(-1)/(-9). Suppose -u*r - 7*f = -8*f + 3, -2*r + 1 = -f. Let z(k) = 13*k**2 - 4*k - 5. What is the units digit of z(r)?
5
Suppose -5*b = 4*c - 31800, 4*c + 135*b - 138*b - 31800 = 0. What is the units digit of c?
0
Suppose 228308 + 346184 + 928272 = 43*w. What is the ten thousands digit of w?
3
Let n(i) = -49*i**3 - 5*i**2 + 6*i - 4. Let j be n(-4). Suppose -j - 8 = -12*t. What is the units digit of t?
3
Suppose 2*l - 1 = 2*z + 15, 0 = -5*l - 5*z. Let p(t) = -t**3 + 5*t**2 - 5*t + 2. Let g be p(l). What is the tens digit of (-205)/(g/(-2))*(-36)/60?
2
Let t(r) = 970*r**2 - 8*r + 13. Let g be t(2). Suppose -149 - g = -11*b. What is the units digit of b?
6
Let j(k) = -k**2 - 15*k - 1. Let o be j(-16). Let m = o + 22. Suppose p + m*c - 92 = 0, 6*c = p + 2*c - 83. What is the units digit of p?
7
Suppose -10 + 26 = -4*i. What is the tens digit of (-7)/2*304/i?
6
Let p(s) = s**3 - 2*s**2 - s + 5. Let r be p(4). Let x = -1515 + 1575. Let v = r + x. What is the units digit of v?
3
Let s(t) = -2*t**2 + 1 + 7*t**2 + 1 + 451*t - 447*t. What is the units digit of s(-6)?
8
Let s be (0 + -1)/(-16 + 17). Let f(t) = -t**2 - 2*t + 1. Let k be f(s). Suppose k*u + 4 = 52. What is the units digit of u?
4
Let v(d) = d**3 + 8*d**2 - 247*d - 11. What is the thousands digit of v(29)?
3
Suppose 0 = -2*t + 4*x - 12, -x + 22 - 10 = 4*t. Suppose 0 = 5*o - 3*a - 3892, -993 = t*o - 2*a - 2553. What is the units digit of o?
6
Suppose -i + x + 9 = 0, -i + 4*x = -0*x - 9. Let q(b) = 9*b**2 - 16*b + 12. What is the tens digit of q(i)?
9
Let v = -12463 + 18979. What is the units digit of v?
6
Suppose 21 = -4*a - 5*b, 5*a - 4*b + 73 - 16 = 0. Let q(v) = -v**3 - 4*v**2 + 9*v. What is the tens digit of q(a)?
2
Suppose -107*d + 102*d - 152605 = -5*j, 0 = -5*j + 3*d + 152591. What is the tens digit of j?
1
Let y be ((-11 - 2) + 3)/((-10)/45). Let v = y - 43. Suppose -4*u + 3*u - 4*x = 0, 4*u - 54 = v*x. What is the units digit of u?
2
What is the hundreds digit of 0*((-56)/(-7))/32 + (2 - -23885)?
8
Suppose 0 = 3*f - 3*d - 12, f = -2*f - 2*d + 17. Suppose -13*m + 14*m - 122 = -4*z, 0 = -3*m - f*z + 394. What is the tens digit of m?
3
Let y = 112 - 3. Suppose -y = 7*z - 1292. What is the units digit of z?
9
Suppose z = a + 1024, -5125 = -0*z - 5*z + 4*a. Suppose -u = -5*u - 3*s + z, 768 = 3*u + s. What is the tens digit of u?
5
Let s(n) = -n**3 + 8*n**2 + 7*n + 8. Let r be s(7). Let x = r + -98. Suppose 4*i - 3*g - 571 = 0, -g = -x*i + 3*i + 722. What is the hundreds digit of i?
1
Let a(m) = m**2 + 7 + 11 + m - 25 + 5 - 6*m. Let q = 16 + -8. What is the units digit of a(q)?
2
Let v be 90/27 + (1 - 8/6). Suppose 0 = -2*a - a - v, -a = 2*c - 7. Suppose 444 = 3*w - 3*l, 0*w = 4*w + c*l - 632. What is the units digit of w?
3
Let p be (1/(-3))/(4/(-60)). Suppose p*c = -9 - 16. Let z = 110 + c. What is the units digit of z?
5
Let o(f) = 50*f - 28. Let x(m) = 3*m**3 + m**2 + 2*m - 2. Let v(p) = p**3 - 8*p**2 - p + 9. Let z be v(8). Let g be x(z). What is the hundreds digit of o(g)?
1
Let s = 2362 - 1606. Suppose -s = -5*u - 7*u. What is the units digit of u?
3
Suppose 0 = -5*f - 2 + 12. Let j be 1*(-3)/f*42/(-21). Suppose -j*p + 984 = p + h, -2*p + 498 = -h. What is the tens digit of p?
4
Let q = 20625 + 12152. Suppose -36*i = 2393 - q. What is the tens digit of i?
4
Suppose 38*l = 56*l - 14688. What is the units digit of (23 + 0)*l/12?
4
Suppose 63*h - 50*h = 269269. What is the hundreds digit of h?
7
Let m be (-54)/(-12) - (-2)/4. Suppose m*j + 169 = 824. Suppose 5*z - 314 = -w, -2*w = -2*z + 3*w + j. What is the units digit of z?
3
What is the tens digit of ((-106)/60 - 37/(-222))*-8615?
8
Let r = -415 + 417. What is the units digit of (1 + r)*(-752)/(-24)?
4
Let r = 1157 + -292. Let z = r - 718. What is the hundreds digit of z?
1
Let k(u) = 277*u + 444. What is the units digit of k(28)?
0
Let o = -34011 - -52456. What is the units digit of o/20 + (-15)/(-20)?
3
Let x = -7627 + 7627. Suppose -5*u + 2075 + 550 = 0. Suppose p + 4*p - u = x. What is the tens digit of p?
0
Let j(s) = -5*s - 9. Let i be j(-3). Let w(d) = d**3 + 5*d**2 + 13*d - 3. What is the units digit of w(i)?
1
What is the hundreds digit of 11961 - (11 - (-8 + 33))?
9
Let b = 50893 + -36023. What is the thousands digit of b?
4
Let t(s) = -s**3 + s**2 + 3. Let i be t(0). Suppose -i*c = -4*j - 646, -c + 6*c - 1071 = j. Suppose -c = -4*k + 106. What is the tens digit of k?
8
Suppose 50*t = -70*t + 160*t - 721760. What is the hundreds digit of t?
0
Let b(l) = 253*l**2 - 144*l - 8. What is the ten thousands digit of b(-11)?
3
Let j = -7496 + 12412. What is the thousands digit of j?
4
Let m(v) = -3*v**2 - 98*v - 871. Let a be m(-17). Let y(d) = -21*d - 3. Let f be y(-2). Let x = f - a. What is the tens digit of x?
1
Suppose 102*k + 152 = 103*k. Let y = 4 + 60. Let m = k - y. What is the units digit of m?
8
Let u = 603 + -601. Suppose 2*n - 4*l = 300, -u*l + 442 = 3*n - 0*l. What is the tens digit of n?
4
Let d(z) = -3*z + 40. Let t be (1 - 2/4)*(10 + 0). Suppose 0*k + 101 = -t*s + 2*k, -s - 5*k = 4. What is the units digit of d(s)?
7
Suppose 6*h - 2 = -14. Let y be (48/(-8))/(2 + h - 2). What is the hundreds digit of 5/(-20) - (y - 497/4)?
1
Suppose 4*w - 45 = -n, 2*w - 15 = -5*n + 30. Suppose 3*r = w*r - 1267. What is the tens digit of r?
8
What is the hundreds digit of (-10455)/34*4338/(-135)?
8
Suppose 3*z - 29 = j, 2*j = -0*j + 4*z - 52. Let y = 24 + j. Suppose 2*i + 4*h - 188 = 0, -2*h + 4*h + 416 = y*i. What is the hundreds digit of i?
1
Let r = -25377 + 37551. What is the tens digit of r?
7
Let g(m) = 27*m**2 - 80*m + 7. Let k(f) = -14*f**2 + 41*f - 3. Let z(x) = 6*g(x) + 11*k(x). What is the tens digit of z(10)?
1
Suppose 844905 = 53*a + 16*a. What is the hundreds digit of a?
2
Let r(h) = 5*h + 484. What is the hundreds digit of r(-3)?
4
Let u = -13864 - -20150. Suppose -4*q + u = 310. What is the thousands digit of q?
1
What is the units digit of 5434*13/(8 - -18)?
7
Suppose 2920 = 7*n - 2092. Suppose 4*t = -5*g + 2634, -4*g = -2*t - n - 1412. What is the units digit of g?
0
Let a = 80 - 86. Let k(v) = 11*v + 65. Let u be k(a). What is the tens digit of u - (-33 - (3 + -2))?
3
Suppose -15288750 = 247*l - 652*l. What is the hundreds digit of l?
7
Let f = -52 + 46. Let c be 174/4 - (-1 + -2)/f. Suppose -2